of q(23)?
4
Suppose -a = -0*a. Let y(m) = -2*m + 12 - 1 - 4. What is the units digit of y(a)?
7
Let i = -196 - -298. What is the tens digit of i?
0
Let j(f) = -f**2 - f + 12. Suppose 3*x = 12, q = 3*x - 7*x + 16. Let i be j(q). Suppose 0 = 2*h + o - 8, -3*h = 5*o - 0*o - i. What is the units digit of h?
4
Let h(r) = r**3 + 21*r**2 + r - 59. What is the units digit of h(-12)?
5
Let p(l) = l**2 + l - 4. Let k be p(-4). Suppose 0 = -b - 6 + k. Suppose -b*h + 51 = -61. What is the units digit of h?
6
Let l = 306 + 140. What is the units digit of l?
6
Let h be 1023/15 + (-2)/10. Suppose 11*j - h = 10*j. What is the units digit of j?
8
Let z be -3*(-4)/(-3 - 9). What is the tens digit of -15*(z - (-68)/(-12))?
0
Suppose 4*d - 481 = -3*h - 0*h, 5*h = 5*d + 860. What is the units digit of h?
7
Suppose 2*l = 4*l - 3*a - 677, -4*l + 1343 = 5*a. What is the tens digit of l?
3
Let a be ((-2)/(-6))/(13/117). Suppose -9 = -3*i - 3*m, -3*i = -2*m + a*m - 17. Suppose -i*x + 5*x = -50. What is the units digit of x?
5
Let o(r) = 7*r + 11. Let q(a) = 7*a + 12. Let d(t) = 4*o(t) - 5*q(t). What is the tens digit of d(-7)?
3
Let u(s) be the third derivative of s**6/360 + s**5/40 - s**3/3 - 3*s**2. Let m(p) be the first derivative of u(p). What is the units digit of m(-5)?
0
Suppose -q + 6*q = 685. Suppose 5*i = -0*i - 4*d + 353, -2*i + q = 3*d. What is the units digit of i?
3
Let h = 1 + 0. Suppose -3 - h = -k. Suppose t + 60 = k*t. What is the tens digit of t?
2
Suppose -3*j - 195 + 594 = -3*x, 3*x = 15. Let d be j/9 + 2/3. What is the tens digit of (-4)/d + 53/4?
1
Suppose 2 = -3*h + 2*h. Let i = 2 - h. Suppose -k - 18 = -i*k. What is the units digit of k?
6
Let q(c) = c**2 - c - 12. Let h be q(4). What is the units digit of (1 - 4 - h) + 63?
0
What is the units digit of 14/(-8) - -2 - 24225/(-12)?
9
Let u be 12 - (-1 - 1 - -3). Let f = u + 48. What is the tens digit of f?
5
Suppose 15*f - 912 = 3*f. Let u = f - -38. What is the units digit of u?
4
Let f be 8/28 - (-256)/(-14). What is the units digit of ((-24)/f)/(8/84)?
4
Suppose -3 = -2*n - s, 2*s = s - 5. Let j(m) = -1 - m**3 + 4 - 5 + 7*m**2 - 4*m. What is the tens digit of j(n)?
3
What is the thousands digit of 5*574/105*48*2?
2
Let h(w) = 7*w**2 + 2*w - 2. Let i be h(1). Suppose 30 = -6*r + i*r. What is the tens digit of r?
3
Let a = 2293 + -936. What is the tens digit of a?
5
Let k = 147 - 104. Let g = k - -11. Suppose -2*w - 4*o - 36 = -4*w, 4*o = -3*w + g. What is the units digit of w?
8
Let m be (-259)/21*(-18)/(-2)*-1. Suppose 2*p - 293 = m. What is the units digit of p?
2
What is the units digit of -3 + 79 + -2 - -5?
9
Let b be 35 + (-2)/4*-6. Let f = 138 - b. What is the tens digit of f?
0
Let o = 1537 + -109. What is the units digit of o?
8
Let u(v) be the second derivative of -v**4/12 - 2*v**3/3 + 3*v**2 + 5*v. Let x be u(-5). What is the tens digit of ((-2)/(-4))/(x/58)?
2
What is the tens digit of (7/(35/20) - -1) + 1181?
8
Suppose -2*m + 4*m + 5 = -s, 0 = -s + m + 4. What is the tens digit of (1494/(-18))/(-1*s)?
8
Suppose 0 = 4777*w - 4781*w + 14220. What is the units digit of w?
5
Let a = -27 - -157. Suppose 0*o + a = 2*o. What is the units digit of o?
5
Suppose g + 29 = 33. Suppose -g*a + 7*a - 45 = 0. Let x = 5 + a. What is the tens digit of x?
2
Let d = -76 - -134. Let b = 67 + d. What is the hundreds digit of b?
1
Suppose 5*y - 4*m - 6340 = -971, 3*y + 5*m = 3214. What is the units digit of y?
3
Let u = -44 - -81. Let w = u + 116. What is the hundreds digit of w?
1
Suppose 2*q + 0*q + 4 = 0, 261 = -5*h - 3*q. Let c = 24 - h. What is the units digit of c?
5
Let h = 11 - 8. Suppose -1 = h*i - 7. Suppose -4*q = -9*q + 5*p + 255, -2*q - i*p = -82. What is the tens digit of q?
4
Suppose -4*y = -o + 34 + 90, 0 = -o + 5*y + 120. What is the units digit of o?
0
Suppose -271 = 9*r - 3340. What is the tens digit of r?
4
Let a(m) = m**3 - 15*m**2 - 13*m - 16. Suppose 19 = s + 3*p, 0 = -p - p + 2. What is the units digit of a(s)?
2
Suppose 10 = -3*f + 64. Suppose -2*l - u + f = -5*u, 5*u + 24 = 3*l. Suppose -3*j = 5*x - j - 137, 3*x = l*j + 78. What is the units digit of x?
7
Suppose 3 = 4*s + h - 18, 4*h = -5*s + 40. Suppose s*a = 5 + 43. Suppose 4*m - 254 = -5*u, -4*m - 82 + a = -u. What is the tens digit of u?
5
Let m be -1*1 + 7/((-35)/(-795)). Suppose 2*n - 2*b - 244 = -n, 2*n + b - m = 0. What is the units digit of n?
0
Suppose -4*b - 4 = -3*b, -b - 9 = 5*j. Let h be 0 + j + 4 - 70. Let l = h + 103. What is the units digit of l?
6
Let x = -138 - -159. What is the units digit of x?
1
Let y = 248 + 260. What is the units digit of y?
8
Let f(q) = -q**2 + 8*q + 2. Let i be f(7). Let x(k) = 7*k - 15. Let l be x(i). Let a = l - 22. What is the units digit of a?
6
Suppose 41 = 4*x + 13. Let c = -15 + x. What is the tens digit of 2 - 20/c*6?
1
Let r(m) = 22*m**2 + 7*m - 6. What is the tens digit of r(-5)?
0
Let h be (-52)/(-65)*70/4. Let m = h + -11. What is the tens digit of 2 + 11 + -1 + m?
1
Let c(l) = -3*l**3 - 6*l**2 + 8*l + 1. Let s be c(-6). Suppose -4*i + s = i. What is the tens digit of i?
7
Suppose -4*v - 28 = -18*v. What is the units digit of ((-1)/(-2 - -1))/(v/76)?
8
Suppose 181*b - 183*b + 1366 = 0. What is the tens digit of b?
8
Let x(k) be the second derivative of -k**6/45 - k**5/120 - 7*k**4/12 + 7*k. Let c(j) be the third derivative of x(j). What is the units digit of c(-1)?
5
Suppose -3*i - b = -0*b - 1935, 5*i - 2*b - 3236 = 0. Suppose -2*o + j - 4*j + 320 = 0, -4*o = 3*j - i. What is the units digit of o?
3
Let b(q) = -87*q + 601. What is the tens digit of b(6)?
7
Let b(m) be the second derivative of 0 - 4/3*m**4 + 5/2*m**2 + 8/3*m**3 - 4*m - 1/20*m**5. What is the units digit of b(-17)?
2
Let u(j) = -7*j**3 + 3*j**2 - 2*j - 4. What is the tens digit of u(-4)?
0
Let q be ((-1)/3)/(68/72 - 1). Suppose -3*s - 213 = -q*s. What is the tens digit of s?
7
Suppose 0 = -30*v + 28*v + 122. What is the tens digit of v?
6
Let c = -13 + 19. Suppose 2*p + c = 0, 0 = m + 3*p - 4*p + 18. Let w = -11 - m. What is the units digit of w?
0
Let y(l) = l + 20. Let n be y(-10). Let w(r) = -9 + 5*r**2 - 2*r + 2*r + 2*r + n. What is the units digit of w(3)?
2
Let a(n) = 3*n**3 + n**2 + n - 2. Let p be a(1). What is the units digit of 19208/245 + p/(30/(-4))?
8
Let h = -174 + 300. What is the tens digit of h?
2
Let t(p) be the third derivative of -p**5/60 + 9*p**4/8 - p**3/6 - 11*p**2. What is the units digit of t(6)?
5
Let t(m) = -4*m**2 - 6*m. Let w(l) be the second derivative of -7*l**4/12 - 2*l**3 - 3*l. Let k(u) = 5*t(u) - 3*w(u). What is the units digit of k(-7)?
7
Let b = -15 + 19. Suppose -8*q + 2*g = -b*q - 10, -q = -g - 2. What is the units digit of (23 + 9)*q/4?
4
Let k(z) be the third derivative of -z**5/60 - z**4/3 - z**3 + 3*z**2. Let d = 13 + -19. What is the units digit of k(d)?
6
What is the tens digit of 3*((-2672)/(-12) + 5 + -5)?
6
Let d = -69 - -138. Suppose -3*w - 3 = -d. What is the tens digit of w?
2
Suppose -4*t = 4*t + 192. What is the tens digit of (-1)/(-12)*3 - 7962/t?
3
Let w(n) = 13*n + 1. Let a be w(7). Suppose 2*h - 2*s - a = 0, -3*h - 4*s + 2*s = -158. What is the units digit of h?
0
Let v = -2505 + 4102. What is the units digit of v?
7
Let y(p) be the second derivative of -p**5/20 - p**4/3 + 5*p**3/6 + 6*p**2 + 2*p. What is the tens digit of y(-5)?
1
Suppose -1451 = -5*j - 2*d - 0*d, 0 = -4*d + 12. What is the tens digit of j?
8
Let b = 88 - 77. Suppose -7*i + 5526 = b*i. What is the hundreds digit of i?
3
Suppose 3*d + 67 = -4*o, d + 1 + 4 = 0. Let s be (-28)/(-13) - (-2)/o. Suppose -u + s + 7 = 0. What is the units digit of u?
9
Let x(o) = -o**3 + 18*o**2 - 33*o + 19. Let d be x(16). Let r(v) = 14*v**2 + 12*v - 7. What is the units digit of r(d)?
5
Let c = 82 + -58. Let u be 28 + (-3 - (-2 - -3)). Suppose u = m + 3*i, 4*i - 3*i - c = -m. What is the tens digit of m?
2
Let f be 7 + -8 - (-11 - 1). Let m(y) = y - 11. Let x be m(f). Suppose x*h - h + 15 = 0. What is the tens digit of h?
1
Let q be (-48)/(-20) + (-4)/10. Let l = 29 + -25. Suppose q*v - 4 - l = 0, 4*v = -d + 63. What is the units digit of d?
7
Let b be 920 + -2 + (-13 - -9). Suppose 902 = 5*v + 2*r, -5*v = r - 2*r - b. What is the hundreds digit of v?
1
Let c be 0 + -12 - (-1 - -3). Let n(p) = p**3 - 5*